False
Is 38535 a multiple of 2?
False
Is 37720 a multiple of 5?
True
Is 718921 a multiple of 9?
False
Is 2 a factor of 14250?
True
Does 43 divide 31289?
False
Does 106 divide 477000?
True
Does 75 divide 621381?
False
Is 10 a factor of 2563612?
False
Is 853 a factor of 7272678?
True
Is 176 a factor of 12596496?
True
Is 155000 a multiple of 62?
True
Does 9 divide 249116?
False
Does 62 divide 506726?
True
Does 81 divide 297756?
True
Is 59 a factor of 207444?
True
Does 572 divide 6778200?
True
Is 46 a factor of 1215649?
False
Does 1714 divide 11699764?
True
Is 736 a factor of 6743232?
True
Does 2 divide 11095?
False
Does 10 divide 5650084?
False
Does 11 divide 677622?
True
Is 1220 a factor of 329400?
True
Does 61 divide 637755?
True
Is 761212 a multiple of 249?
False
Is 156 a factor of 2586461?
False
Is 418470 a multiple of 29?
True
Does 11 divide 7238?
True
Does 62 divide 463023?
False
Is 52965 a multiple of 77?
False
Is 13 a factor of 3724851?
True
Is 887545 a multiple of 145?
True
Is 3127092 a multiple of 74?
True
Is 120 a factor of 113745?
False
Does 46 divide 661913?
False
Does 29 divide 2156208?
True
Does 362 divide 7505346?
True
Is 454 a factor of 422674?
True
Is 21 a factor of 280497?
True
Is 67 a factor of 266928?
True
Is 25 a factor of 2176025?
True
Does 13 divide 162060?
False
Does 348 divide 550343?
False
Does 14 divide 3509545?
False
Does 1652 divide 9905769?
False
Is 62591 a multiple of 157?
False
Is 2244480 a multiple of 60?
True
Is 31 a factor of 22497?
False
Is 752 a factor of 376752?
True
Is 476438 a multiple of 32?
False
Is 1013948 a multiple of 527?
True
Is 22 a factor of 123919?
False
Is 42408 a multiple of 57?
True
Is 1616186 a multiple of 13?
True
Is 21 a factor of 3169992?
True
Is 52 a factor of 1350076?
True
Does 25 divide 179875?
True
Is 879480 a multiple of 315?
True
Is 6 a factor of 409290?
True
Is 426 a factor of 539393?
False
Is 464 a factor of 626286?
False
Is 18 a factor of 1285759?
False
Is 12 a factor of 922130?
False
Does 39 divide 481767?
True
Is 21 a factor of 18165357?
True
Is 60 a factor of 63688?
False
Is 704397 a multiple of 310?
False
Is 323 a factor of 4788475?
True
Is 10496604 a multiple of 8?
False
Does 436 divide 987621?
False
Is 3026961 a multiple of 63?
True
Is 46431 a multiple of 63?
True
Is 1761 even?
False
Is 3879590 a multiple of 110?
True
Is 435 a factor of 6145245?
True
Is 53 a factor of 1297599?
True
Is 12798757 a multiple of 186?
False
Is 40 a factor of 90280?
True
Does 67 divide 22847?
True
Is 48 a factor of 829988?
False
Is 70295 a multiple of 17?
True
Does 19 divide 45608?
False
Does 21 divide 3436041?
True
Is 23 a factor of 5314715?
False
Does 119 divide 878598?
False
Does 34 divide 618621?
False
Is 9442930 a multiple of 487?
True
Is 19 a factor of 81396?
True
Is 117 a factor of 17784?
True
Is 38 a factor of 304950?
True
Is 222 a factor of 2941089?
False
Does 8 divide 590880?
True
Is 22 a factor of 18004?
False
Is 77 a factor of 458291?
False
Does 26 divide 694056?
False
Is 8938095 a multiple of 221?
False
Is 106152 a multiple of 47?
False
Is 6 a factor of 382120?
False
Is 9120 a multiple of 96?
True
Is 351 a factor of 354039?
False
Does 161 divide 1806507?
False
Does 43 divide 983963?
False
Is 402344 a multiple of 10?
False
Does 1034 divide 749650?
True
Is 108 a factor of 1514395?
False
Is 35 a factor of 268380?
True
Is 12363102 a multiple of 277?
False
Is 2835260 a multiple of 170?
True
Is 215 a factor of 298205?
True
Does 422 divide 2253902?
True
Is 2839848 a multiple of 6?
True
Does 35 divide 67095?
True
Is 108927 a multiple of 13?
True
Is 15315 a multiple of 63?
False
Is 134 a factor of 671149?
False
Is 96660 a multiple of 16?
False
Is 6571220 a multiple of 22?
False
Is 68 a factor of 1685312?
True
Does 61 divide 808372?
True
Is 176451 a multiple of 50?
False
Is 26 a factor of 1407744?
True
Does 55 divide 442062?
False
Is 1320 a factor of 8360889?
False
Is 7 a factor of 51667?
True
Does 488 divide 407480?
True
Does 50 divide 507749?
False
Does 558 divide 22455?
False
Is 377506 a multiple of 16?
False
Does 457 divide 196510?
True
Is 12 a factor of 71667?
False
Is 259 a factor of 312585?
False
Is 2181678 a multiple of 34?
True
Is 2175 a multiple of 87?
True
Is 888700 a multiple of 22?
False
Does 426 divide 2391138?
True
Is 40 a factor of 8234640?
True
Does 10 divide 10672?
False
Is 4 a factor of 329334?
False
Does 55 divide 137665?
True
Is 1076 a factor of 1842112?
True
Is 4 a factor of 81844?
True
Does 125 divide 743375?
True
Is 5020452 a multiple of 95?
False
Does 3 divide 380481?
True
Does 1123 divide 1242408?
False
Is 2 a factor of 186857?
False
Does 31 divide 268736?
False
Is 549103 a multiple of 5?
False
Does 16 divide 9812992?
True
Is 21 a factor of 85887?
False
Is 474 a factor of 3245952?
True
Does 4 divide 113138?
False
Does 914 divide 12037380?
True
Is 538032 a multiple of 292?
False
Is 2258027 a multiple of 16?
False
Is 199 a factor of 772518?
True
Does 444 divide 5273999?
False
Is 19 a factor of 10752?
False
Is 65 a factor of 10556152?
False
Is 112 a factor of 7410?
False
Does 614 divide 1318610?
False
Is 54 a factor of 237740?
False
Does 11 divide 33410?
False
Is 49 a factor of 131516?
True
Does 13 divide 115994?
False
Is 2 a factor of 3877010?
True
Is 4961827 a multiple of 356?
False
Does 18 divide 303422?
False
Is 113 a factor of 257753?
True
Is 342 a factor of 1452337?
False
Is 1109 a factor of 6028524?
True
Is 238060 a multiple of 20?
True
Is 3 a factor of 392790?
True
Is 967638 a multiple of 280?
False
Is 13 a factor of 7163533?
True
Is 206 a factor of 1475990?
True
Does 175 divide 52500?
True
Does 4 divide 127972?
True
Does 74 divide 54985?
False
Does 103 divide 74675?
True
Is 5308131 a multiple of 20?
False
Is 805 a factor of 18638165?
True
Is 529272 a multiple of 85?
False
Does 216 divide 413194?
False
Is 5039632 a multiple of 16?
True
Is 1820874 a multiple of 218?
False
Is 5989884 a multiple of 263?
False
Does 9 divide 4343?
False
Is 61 a factor of 101138?
True
Does 230 divide 386069?
False
Does 2 divide 369416?
True
Is 2821681 a multiple of 234?
False
Does 21 divide 503465?
False
Is 980360 a multiple of 40?
True
Is 25 a factor of 40824?
False
Does 116 divide 735788?
True
Is 11 a factor of 240779?
True
Does 1124 divide 4135196?
True
Is 364188 a multiple of 124?
True
Does 35 divide 2754325?
True
Is 2193408 a multiple of 612?
True
Is 2517487 a multiple of 15?
False
Does 28 divide 402108?
True
Is 1074016 a multiple of 777?
False
Is 1480550 a multiple of 50?
True
Does 6 divide 34149?
False
Is 13 a factor of 171665?
True
Is 156 a factor of 25042110?
False
Is 341480 a multiple of 10?
True
Is 39 a factor of 1218257?
False
Is 605650 a multiple of 34?
False
Is 470034 a multiple of 6?
True
Does 2231 divide 21232427?
True
Is 159 a factor of 174862?
False
Is 2056734 a multiple of 163?
True
Is 137807 a multiple of 125?
False
Is 31416 a multiple of 14?
True
Is 1130460 a multiple of 13?
False
Is 67 a factor of 127311?
False
Is 135 a factor of 600480?
True
Is 166 a factor of 1096235?
False
Is 666938 a multiple of 86?
False
Does 23 divide 489946?
True
Does 14 divide 110228?
False
Is 13745 even?
False
Is 74549 a multiple of 62?
False
Is 3840592 a multiple of 212?
True
Does 930 divide 1991422?
False
Does 96 divide 17592672?
True
Is 1065 a multiple of 3?
True
Is 238008 a multiple of 156?
False
Is 40 a factor of 575360?
True
Does 14 divide 320629?
False
Is 3 a factor of 59394?
True
Is 5 a factor of 100974?
False
Does 436 divide 400248?
True
Is 20696 a multiple of 199?
True
Is 98 a factor of 7848295?
False
Is 35500 a multiple of 10?
True
Is 454880 a multiple of 20?
True
Does 139 divide 120290?
False
Does 57 divide 38527?
False
Does 48 divide 3678550?
False
Is 18 a factor of 203544?
True
Is 122969 a multiple of 7?
True
Does 171 divide 6352650?
True
Does 111 divide 4959924?
True
Is 122 a factor of 232951?
False
Is 70800 a multiple of 5?
True
Is 76690 a multiple of 548?
False
Is 15982666 a multiple of 14?
True
Is 7164074 a multiple of 146?
True
Does 284 divide 6513891?
False
Does 298 divide 2171762?
False
Does 32 divide 317824?
True
Does 14 divide 17120880?
True
Is 938350 a multiple of 70?
True
Is 622 a multiple of 41?
False
Does 13 divide 3213080?
True
Is 2012025 a multiple of 16?
F